{"id":3284,"date":"2024-02-28T14:05:10","date_gmt":"2024-02-28T14:05:10","guid":{"rendered":"https:\/\/luciaperez.es\/aviso-legal\/"},"modified":"2025-02-13T10:19:52","modified_gmt":"2025-02-13T10:19:52","slug":"aviso-legal","status":"publish","type":"page","link":"https:\/\/luciaperez.es\/gl\/aviso-legal\/","title":{"rendered":"Aviso legal"},"content":{"rendered":"\n<p>Data de entrada en vigor: 01\/01\/2024<\/p>\n\n<h3 class=\"wp-block-heading\"><strong>1. Titularidade do sitio web:<\/strong><\/h3>\n\n<p>Este sitio web \u00e9 propiedade de Luc\u00eda P\u00e9rez, con NIF[N\u00famero de Identificaci\u00f3n Fiscal] . A titularidade do dominio deste sitio web corresp\u00f3ndelle a Luc\u00eda P\u00e9rez.<\/p>\n\n<h3 class=\"wp-block-heading\"><strong>2. Condici\u00f3ns de uso:<\/strong><\/h3>\n\n<p>A utilizaci\u00f3n deste sitio web implica a aceptaci\u00f3n plena e sen reservas de todas e cada unha das disposici\u00f3ns inclu\u00eddas neste Aviso Legal. O usuario comprom\u00e9tese a facer un uso axeitado e l\u00edcito do sitio web e dos contidos, de acordo coa lexislaci\u00f3n aplicable, o presente Aviso Legal e os bos costumes.<\/p>\n\n<h3 class=\"wp-block-heading\"><strong>3. Propiedade Intelectual e Industrial:<\/strong><\/h3>\n\n<p>Os dereitos de propiedade intelectual e industrial sobre os contidos deste sitio web, inclu\u00edndo textos, imaxes, dese\u00f1os, logotipos, audios e v\u00eddeos, son propiedade de Luc\u00eda P\u00e9rez ou de terceiros que autorizasen o seu uso.<\/p>\n\n<h3 class=\"wp-block-heading\"><strong>4. Ligaz\u00f3ns externas:<\/strong><\/h3>\n\n<p>Este sitio web pode inclu\u00edr ligaz\u00f3ns a sitios externos. Luc\u00eda P\u00e9rez non se fai responsable do contido dos devanditos sitios enlazados, nin das s\u00faas condici\u00f3ns de privacidade ou seguridade.<\/p>\n\n<h3 class=\"wp-block-heading\"><strong>5. Pol\u00edtica de privacidade:<\/strong><\/h3>\n\n<p>Para saber como xestionamos a informaci\u00f3n persoal que nos proporcionas, invit\u00e1mosche a revisar a nosa <a href=\"https:\/\/luciaperez.es\/gl\/politica-de-privacidade\/\">Pol\u00edtica de privacidade<\/a> .<\/p>\n\n<h3 class=\"wp-block-heading\"><strong>6. Responsabilidade:<\/strong><\/h3>\n\n<p>Luc\u00eda P\u00e9rez non se fai responsable dos danos ou perdas que poidan derivarse do acceso ou uso indebido dos contidos do sitio web.<\/p>\n\n<h3 class=\"wp-block-heading\"><strong>7. Modificaci\u00f3ns:<\/strong><\/h3>\n\n<p>Luc\u00eda P\u00e9rez res\u00e9rvase o dereito de modificar o sitio web, o seu contido e o presente Aviso Legal en calquera momento e sen previo aviso.<\/p>\n\n<h3 class=\"wp-block-heading\"><strong>8. Contacto:<\/strong><\/h3>\n\n<p>Para calquera d\u00fabida sobre o Aviso Legal, pode po\u00f1erse en contacto connosco a trav\u00e9s de:<\/p>\n\n<ul class=\"wp-block-list\">\n<li>Tel\u00e9fono: 682 497 644<\/li>\n\n\n\n<li>Correo electr\u00f3nico: <a>contacto@luciaperez.es<\/a><\/li>\n<\/ul>\n","protected":false},"excerpt":{"rendered":"<p>Data de entrada en vigor: 01\/01\/2024 1. Titularidade do sitio web: Este sitio web \u00e9 propiedade de Luc\u00eda P\u00e9rez, con NIF[N\u00famero de Identificaci\u00f3n Fiscal] . A titularidade do dominio deste sitio web corresp\u00f3ndelle a Luc\u00eda P\u00e9rez. 2. Condici\u00f3ns de uso: A utilizaci\u00f3n deste sitio web implica a aceptaci\u00f3n plena e sen reservas de todas e&#8230;<\/p>\n","protected":false},"author":1,"featured_media":3126,"parent":0,"menu_order":0,"comment_status":"closed","ping_status":"closed","template":"elementor_theme","meta":{"_kad_post_transparent":"","_kad_post_title":"","_kad_post_layout":"","_kad_post_sidebar_id":"","_kad_post_content_style":"","_kad_post_vertical_padding":"","_kad_post_feature":"","_kad_post_feature_position":"","_kad_post_header":false,"_kad_post_footer":false,"footnotes":""},"class_list":["post-3284","page","type-page","status-publish","has-post-thumbnail","hentry"],"yoast_head":"<!-- This site is optimized with the Yoast SEO plugin v24.4 - https:\/\/yoast.com\/wordpress\/plugins\/seo\/ -->\n<title>Aviso legal - Luc\u00eda P\u00e9rez<\/title>\n<meta name=\"robots\" content=\"index, follow, max-snippet:-1, max-image-preview:large, max-video-preview:-1\" \/>\n<link rel=\"canonical\" href=\"https:\/\/luciaperez.es\/gl\/aviso-legal\/\" \/>\n<meta property=\"og:locale\" content=\"gl_ES\" \/>\n<meta property=\"og:type\" content=\"article\" \/>\n<meta property=\"og:title\" content=\"Aviso legal - Luc\u00eda P\u00e9rez\" \/>\n<meta property=\"og:description\" content=\"Data de entrada en vigor: 01\/01\/2024 1. Titularidade do sitio web: Este sitio web \u00e9 propiedade de Luc\u00eda P\u00e9rez, con NIF[N\u00famero de Identificaci\u00f3n Fiscal] . A titularidade do dominio deste sitio web corresp\u00f3ndelle a Luc\u00eda P\u00e9rez. 2. Condici\u00f3ns de uso: A utilizaci\u00f3n deste sitio web implica a aceptaci\u00f3n plena e sen reservas de todas e...\" \/>\n<meta property=\"og:url\" content=\"https:\/\/luciaperez.es\/gl\/aviso-legal\/\" \/>\n<meta property=\"og:site_name\" content=\"Luc\u00eda P\u00e9rez\" \/>\n<meta property=\"article:modified_time\" content=\"2025-02-13T10:19:52+00:00\" \/>\n<meta name=\"twitter:card\" content=\"summary_large_image\" \/>\n<meta name=\"twitter:label1\" content=\"Tempo de lectura\" \/>\n\t<meta name=\"twitter:data1\" content=\"1 minuto\" \/>\n<script type=\"application\/ld+json\" class=\"yoast-schema-graph\">{\"@context\":\"https:\/\/schema.org\",\"@graph\":[{\"@type\":\"WebPage\",\"@id\":\"https:\/\/luciaperez.es\/gl\/aviso-legal\/\",\"url\":\"https:\/\/luciaperez.es\/gl\/aviso-legal\/\",\"name\":\"Aviso legal - Luc\u00eda P\u00e9rez\",\"isPartOf\":{\"@id\":\"https:\/\/luciaperez.es\/#website\"},\"primaryImageOfPage\":{\"@id\":\"https:\/\/luciaperez.es\/gl\/aviso-legal\/#primaryimage\"},\"image\":{\"@id\":\"https:\/\/luciaperez.es\/gl\/aviso-legal\/#primaryimage\"},\"thumbnailUrl\":\"https:\/\/luciaperez.es\/wp-content\/uploads\/2024\/02\/Politica-de-Cookies1.svg\",\"datePublished\":\"2024-02-28T14:05:10+00:00\",\"dateModified\":\"2025-02-13T10:19:52+00:00\",\"breadcrumb\":{\"@id\":\"https:\/\/luciaperez.es\/gl\/aviso-legal\/#breadcrumb\"},\"inLanguage\":\"gl-ES\",\"potentialAction\":[{\"@type\":\"ReadAction\",\"target\":[\"https:\/\/luciaperez.es\/gl\/aviso-legal\/\"]}]},{\"@type\":\"ImageObject\",\"inLanguage\":\"gl-ES\",\"@id\":\"https:\/\/luciaperez.es\/gl\/aviso-legal\/#primaryimage\",\"url\":\"https:\/\/luciaperez.es\/wp-content\/uploads\/2024\/02\/Politica-de-Cookies1.svg\",\"contentUrl\":\"https:\/\/luciaperez.es\/wp-content\/uploads\/2024\/02\/Politica-de-Cookies1.svg\"},{\"@type\":\"BreadcrumbList\",\"@id\":\"https:\/\/luciaperez.es\/gl\/aviso-legal\/#breadcrumb\",\"itemListElement\":[{\"@type\":\"ListItem\",\"position\":1,\"name\":\"Portada\",\"item\":\"https:\/\/luciaperez.es\/gl\/\"},{\"@type\":\"ListItem\",\"position\":2,\"name\":\"Aviso legal\"}]},{\"@type\":\"WebSite\",\"@id\":\"https:\/\/luciaperez.es\/#website\",\"url\":\"https:\/\/luciaperez.es\/\",\"name\":\"Luc\u00eda Perez\",\"description\":\"P\u00e1xina Oficial Luc\u00eda Perez\",\"publisher\":{\"@id\":\"https:\/\/luciaperez.es\/#\/schema\/person\/9944af4f7a9ff0e895366d6bd1c27771\"},\"potentialAction\":[{\"@type\":\"SearchAction\",\"target\":{\"@type\":\"EntryPoint\",\"urlTemplate\":\"https:\/\/luciaperez.es\/?s={search_term_string}\"},\"query-input\":{\"@type\":\"PropertyValueSpecification\",\"valueRequired\":true,\"valueName\":\"search_term_string\"}}],\"inLanguage\":\"gl-ES\"},{\"@type\":[\"Person\",\"Organization\"],\"@id\":\"https:\/\/luciaperez.es\/#\/schema\/person\/9944af4f7a9ff0e895366d6bd1c27771\",\"name\":\"luciaperez\",\"image\":{\"@type\":\"ImageObject\",\"inLanguage\":\"gl-ES\",\"@id\":\"https:\/\/luciaperez.es\/#\/schema\/person\/image\/\",\"url\":\"https:\/\/luciaperez.es\/wp-content\/uploads\/2024\/02\/cropped-logo-lucia-perez.webp\",\"contentUrl\":\"https:\/\/luciaperez.es\/wp-content\/uploads\/2024\/02\/cropped-logo-lucia-perez.webp\",\"width\":290,\"height\":60,\"caption\":\"luciaperez\"},\"logo\":{\"@id\":\"https:\/\/luciaperez.es\/#\/schema\/person\/image\/\"},\"sameAs\":[\"https:\/\/luciaperez.es\"]}]}<\/script>\n<!-- \/ Yoast SEO plugin. -->","yoast_head_json":{"title":"Aviso legal - Luc\u00eda P\u00e9rez","robots":{"index":"index","follow":"follow","max-snippet":"max-snippet:-1","max-image-preview":"max-image-preview:large","max-video-preview":"max-video-preview:-1"},"canonical":"https:\/\/luciaperez.es\/gl\/aviso-legal\/","og_locale":"gl_ES","og_type":"article","og_title":"Aviso legal - Luc\u00eda P\u00e9rez","og_description":"Data de entrada en vigor: 01\/01\/2024 1. Titularidade do sitio web: Este sitio web \u00e9 propiedade de Luc\u00eda P\u00e9rez, con NIF[N\u00famero de Identificaci\u00f3n Fiscal] . A titularidade do dominio deste sitio web corresp\u00f3ndelle a Luc\u00eda P\u00e9rez. 2. Condici\u00f3ns de uso: A utilizaci\u00f3n deste sitio web implica a aceptaci\u00f3n plena e sen reservas de todas e...","og_url":"https:\/\/luciaperez.es\/gl\/aviso-legal\/","og_site_name":"Luc\u00eda P\u00e9rez","article_modified_time":"2025-02-13T10:19:52+00:00","twitter_card":"summary_large_image","twitter_misc":{"Tempo de lectura":"1 minuto"},"schema":{"@context":"https:\/\/schema.org","@graph":[{"@type":"WebPage","@id":"https:\/\/luciaperez.es\/gl\/aviso-legal\/","url":"https:\/\/luciaperez.es\/gl\/aviso-legal\/","name":"Aviso legal - Luc\u00eda P\u00e9rez","isPartOf":{"@id":"https:\/\/luciaperez.es\/#website"},"primaryImageOfPage":{"@id":"https:\/\/luciaperez.es\/gl\/aviso-legal\/#primaryimage"},"image":{"@id":"https:\/\/luciaperez.es\/gl\/aviso-legal\/#primaryimage"},"thumbnailUrl":"https:\/\/luciaperez.es\/wp-content\/uploads\/2024\/02\/Politica-de-Cookies1.svg","datePublished":"2024-02-28T14:05:10+00:00","dateModified":"2025-02-13T10:19:52+00:00","breadcrumb":{"@id":"https:\/\/luciaperez.es\/gl\/aviso-legal\/#breadcrumb"},"inLanguage":"gl-ES","potentialAction":[{"@type":"ReadAction","target":["https:\/\/luciaperez.es\/gl\/aviso-legal\/"]}]},{"@type":"ImageObject","inLanguage":"gl-ES","@id":"https:\/\/luciaperez.es\/gl\/aviso-legal\/#primaryimage","url":"https:\/\/luciaperez.es\/wp-content\/uploads\/2024\/02\/Politica-de-Cookies1.svg","contentUrl":"https:\/\/luciaperez.es\/wp-content\/uploads\/2024\/02\/Politica-de-Cookies1.svg"},{"@type":"BreadcrumbList","@id":"https:\/\/luciaperez.es\/gl\/aviso-legal\/#breadcrumb","itemListElement":[{"@type":"ListItem","position":1,"name":"Portada","item":"https:\/\/luciaperez.es\/gl\/"},{"@type":"ListItem","position":2,"name":"Aviso legal"}]},{"@type":"WebSite","@id":"https:\/\/luciaperez.es\/#website","url":"https:\/\/luciaperez.es\/","name":"Luc\u00eda Perez","description":"P\u00e1xina Oficial Luc\u00eda Perez","publisher":{"@id":"https:\/\/luciaperez.es\/#\/schema\/person\/9944af4f7a9ff0e895366d6bd1c27771"},"potentialAction":[{"@type":"SearchAction","target":{"@type":"EntryPoint","urlTemplate":"https:\/\/luciaperez.es\/?s={search_term_string}"},"query-input":{"@type":"PropertyValueSpecification","valueRequired":true,"valueName":"search_term_string"}}],"inLanguage":"gl-ES"},{"@type":["Person","Organization"],"@id":"https:\/\/luciaperez.es\/#\/schema\/person\/9944af4f7a9ff0e895366d6bd1c27771","name":"luciaperez","image":{"@type":"ImageObject","inLanguage":"gl-ES","@id":"https:\/\/luciaperez.es\/#\/schema\/person\/image\/","url":"https:\/\/luciaperez.es\/wp-content\/uploads\/2024\/02\/cropped-logo-lucia-perez.webp","contentUrl":"https:\/\/luciaperez.es\/wp-content\/uploads\/2024\/02\/cropped-logo-lucia-perez.webp","width":290,"height":60,"caption":"luciaperez"},"logo":{"@id":"https:\/\/luciaperez.es\/#\/schema\/person\/image\/"},"sameAs":["https:\/\/luciaperez.es"]}]}},"_links":{"self":[{"href":"https:\/\/luciaperez.es\/gl\/wp-json\/wp\/v2\/pages\/3284","targetHints":{"allow":["GET"]}}],"collection":[{"href":"https:\/\/luciaperez.es\/gl\/wp-json\/wp\/v2\/pages"}],"about":[{"href":"https:\/\/luciaperez.es\/gl\/wp-json\/wp\/v2\/types\/page"}],"author":[{"embeddable":true,"href":"https:\/\/luciaperez.es\/gl\/wp-json\/wp\/v2\/users\/1"}],"replies":[{"embeddable":true,"href":"https:\/\/luciaperez.es\/gl\/wp-json\/wp\/v2\/comments?post=3284"}],"version-history":[{"count":0,"href":"https:\/\/luciaperez.es\/gl\/wp-json\/wp\/v2\/pages\/3284\/revisions"}],"wp:featuredmedia":[{"embeddable":true,"href":"https:\/\/luciaperez.es\/gl\/wp-json\/wp\/v2\/media\/3126"}],"wp:attachment":[{"href":"https:\/\/luciaperez.es\/gl\/wp-json\/wp\/v2\/media?parent=3284"}],"curies":[{"name":"wp","href":"https:\/\/api.w.org\/{rel}","templated":true}]}}

<p>Data de entrada en vigor: 01/01/2024</p>

<h3 class="wp-block-heading"><strong>1. Titularidade do sitio web:</strong></h3>

<p>Este sitio web é propiedade de Lucía Pérez, con NIF[Número de Identificación Fiscal] . A titularidade do dominio deste sitio web correspóndelle a Lucía Pérez.</p>

<h3 class="wp-block-heading"><strong>2. Condicións de uso:</strong></h3>

<p>A utilización deste sitio web implica a aceptación plena e sen reservas de todas e cada unha das disposicións incluídas neste Aviso Legal. O usuario comprométese a facer un uso axeitado e lícito do sitio web e dos contidos, de acordo coa lexislación aplicable, o presente Aviso Legal e os bos costumes.</p>

<h3 class="wp-block-heading"><strong>3. Propiedade Intelectual e Industrial:</strong></h3>

<p>Os dereitos de propiedade intelectual e industrial sobre os contidos deste sitio web, incluíndo textos, imaxes, deseños, logotipos, audios e vídeos, son propiedade de Lucía Pérez ou de terceiros que autorizasen o seu uso.</p>

<h3 class="wp-block-heading"><strong>4. Ligazóns externas:</strong></h3>

<p>Este sitio web pode incluír ligazóns a sitios externos. Lucía Pérez non se fai responsable do contido dos devanditos sitios enlazados, nin das súas condicións de privacidade ou seguridade.</p>

<h3 class="wp-block-heading"><strong>5. Política de privacidade:</strong></h3>

<p>Para saber como xestionamos a información persoal que nos proporcionas, invitámosche a revisar a nosa <a href="https://luciaperez.es/gl/politica-de-privacidade/">Política de privacidade</a> .</p>

<h3 class="wp-block-heading"><strong>6. Responsabilidade:</strong></h3>

<p>Lucía Pérez non se fai responsable dos danos ou perdas que poidan derivarse do acceso ou uso indebido dos contidos do sitio web.</p>

<h3 class="wp-block-heading"><strong>7. Modificacións:</strong></h3>

<p>Lucía Pérez resérvase o dereito de modificar o sitio web, o seu contido e o presente Aviso Legal en calquera momento e sen previo aviso.</p>

<h3 class="wp-block-heading"><strong>8. Contacto:</strong></h3>

<p>Para calquera dúbida sobre o Aviso Legal, pode poñerse en contacto connosco a través de:</p>

<ul class="wp-block-list">
<li>Teléfono: 682 497 644</li>



<li>Correo electrónico: <a>contacto@luciaperez.es</a></li>
</ul>

<p>Data de entrada en vigor: 01/01/2024 1. Titularidade do sitio web: Este sitio web é propiedade de Lucía Pérez, con NIF[Número de Identificación Fiscal] . A titularidade do dominio deste sitio web correspóndelle a Lucía Pérez. 2. Condicións de uso: A utilización deste sitio web implica a aceptación plena e sen reservas de todas e&#8230;</p>

<!-- This site is optimized with the Yoast SEO plugin v24.4 - https://yoast.com/wordpress/plugins/seo/ -->
<title>Aviso legal - Lucía Pérez</title>
<meta name="robots" content="index, follow, max-snippet:-1, max-image-preview:large, max-video-preview:-1" />
<link rel="canonical" href="https://luciaperez.es/gl/aviso-legal/" />
<meta property="og:locale" content="gl_ES" />
<meta property="og:type" content="article" />
<meta property="og:title" content="Aviso legal - Lucía Pérez" />
<meta property="og:description" content="Data de entrada en vigor: 01/01/2024 1. Titularidade do sitio web: Este sitio web é propiedade de Lucía Pérez, con NIF[Número de Identificación Fiscal] . A titularidade do dominio deste sitio web correspóndelle a Lucía Pérez. 2. Condicións de uso: A utilización deste sitio web implica a aceptación plena e sen reservas de todas e..." />
<meta property="og:url" content="https://luciaperez.es/gl/aviso-legal/" />
<meta property="og:site_name" content="Lucía Pérez" />
<meta property="article:modified_time" content="2025-02-13T10:19:52+00:00" />
<meta name="twitter:card" content="summary_large_image" />
<meta name="twitter:label1" content="Tempo de lectura" />
	<meta name="twitter:data1" content="1 minuto" />
<script type="application/ld+json" class="yoast-schema-graph">{"@context":"https://schema.org","@graph":[{"@type":"WebPage","@id":"https://luciaperez.es/gl/aviso-legal/","url":"https://luciaperez.es/gl/aviso-legal/","name":"Aviso legal - Lucía Pérez","isPartOf":{"@id":"https://luciaperez.es/#website"},"primaryImageOfPage":{"@id":"https://luciaperez.es/gl/aviso-legal/#primaryimage"},"image":{"@id":"https://luciaperez.es/gl/aviso-legal/#primaryimage"},"thumbnailUrl":"https://luciaperez.es/wp-content/uploads/2024/02/Politica-de-Cookies1.svg","datePublished":"2024-02-28T14:05:10+00:00","dateModified":"2025-02-13T10:19:52+00:00","breadcrumb":{"@id":"https://luciaperez.es/gl/aviso-legal/#breadcrumb"},"inLanguage":"gl-ES","potentialAction":[{"@type":"ReadAction","target":["https://luciaperez.es/gl/aviso-legal/"]}]},{"@type":"ImageObject","inLanguage":"gl-ES","@id":"https://luciaperez.es/gl/aviso-legal/#primaryimage","url":"https://luciaperez.es/wp-content/uploads/2024/02/Politica-de-Cookies1.svg","contentUrl":"https://luciaperez.es/wp-content/uploads/2024/02/Politica-de-Cookies1.svg"},{"@type":"BreadcrumbList","@id":"https://luciaperez.es/gl/aviso-legal/#breadcrumb","itemListElement":[{"@type":"ListItem","position":1,"name":"Portada","item":"https://luciaperez.es/gl/"},{"@type":"ListItem","position":2,"name":"Aviso legal"}]},{"@type":"WebSite","@id":"https://luciaperez.es/#website","url":"https://luciaperez.es/","name":"Lucía Perez","description":"Páxina Oficial Lucía Perez","publisher":{"@id":"https://luciaperez.es/#/schema/person/9944af4f7a9ff0e895366d6bd1c27771"},"potentialAction":[{"@type":"SearchAction","target":{"@type":"EntryPoint","urlTemplate":"https://luciaperez.es/?s={search_term_string}"},"query-input":{"@type":"PropertyValueSpecification","valueRequired":true,"valueName":"search_term_string"}}],"inLanguage":"gl-ES"},{"@type":["Person","Organization"],"@id":"https://luciaperez.es/#/schema/person/9944af4f7a9ff0e895366d6bd1c27771","name":"luciaperez","image":{"@type":"ImageObject","inLanguage":"gl-ES","@id":"https://luciaperez.es/#/schema/person/image/","url":"https://luciaperez.es/wp-content/uploads/2024/02/cropped-logo-lucia-perez.webp","contentUrl":"https://luciaperez.es/wp-content/uploads/2024/02/cropped-logo-lucia-perez.webp","width":290,"height":60,"caption":"luciaperez"},"logo":{"@id":"https://luciaperez.es/#/schema/person/image/"},"sameAs":["https://luciaperez.es"]}]}</script>
<!-- / Yoast SEO plugin. -->

Aviso legal - Lucía Pérez

Data de entrada en vigor: 01/01/2024 1. Titularidade do sitio web: Este sitio web é propiedade de Lucía Pérez, con NIF[Número de Identificación Fiscal] . A titularidade do dominio deste sitio web correspóndelle a Lucía Pérez. 2. Condicións de uso: A utilización deste sitio web implica a aceptación plena e sen reservas de todas e...

Lucía Pérez

Lucía Perez

Páxina Oficial Lucía Perez
